t of 91627586?
2
What is the ten thousands digit of 353685283?
8
What is the hundred thousands digit of 636620203?
6
What is the tens digit of 134261059?
5
What is the thousands digit of 37278482?
8
What is the tens digit of 18802314?
1
What is the tens digit of 43085590?
9
What is the units digit of 19369847?
7
What is the hundreds digit of 63103286?
2
What is the thousands digit of 720822?
0
What is the millions digit of 274680097?
4
What is the units digit of 63250216?
6
What is the hundred millions digit of 140228319?
1
What is the ten thousands digit of 1031249698?
4
What is the tens digit of 2074057809?
0
What is the ten thousands digit of 578866813?
6
What is the millions digit of 45692557?
5
What is the ten thousands digit of 261620616?
2
What is the ten thousands digit of 119674148?
7
What is the millions digit of 3433933?
3
What is the hundreds digit of 44180580?
5
What is the hundreds digit of 1962983684?
6
What is the units digit of 2768873468?
8
What is the millions digit of 103973689?
3
What is the ten millions digit of 610915566?
1
What is the hundred thousands digit of 565022?
5
What is the units digit of 131066686?
6
What is the tens digit of 71602179?
7
What is the ten thousands digit of 277425903?
2
What is the ten millions digit of 207121915?
0
What is the millions digit of 228036810?
8
What is the millions digit of 176276567?
6
What is the thousands digit of 73420296?
0
What is the units digit of 86717891?
1
What is the hundreds digit of 253693936?
9
What is the hundred millions digit of 318135534?
3
What is the ten thousands digit of 1814134530?
3
What is the thousands digit of 1246224489?
4
What is the hundred thousands digit of 526685006?
6
What is the tens digit of 251734098?
9
What is the hundreds digit of 751743808?
8
What is the hundred thousands digit of 8015370?
0
What is the hundred millions digit of 1794742843?
7
What is the units digit of 179173153?
3
What is the ten millions digit of 26977520?
2
What is the hundreds digit of 798143131?
1
What is the millions digit of 377215408?
7
What is the millions digit of 346262947?
6
What is the hundred millions digit of 632344157?
6
What is the thousands digit of 8608293?
8
What is the ten thousands digit of 1112909602?
0
What is the hundreds digit of 297298085?
0
What is the ten thousands digit of 1277182334?
8
What is the thousands digit of 219395777?
5
What is the ten thousands digit of 1891959745?
5
What is the tens digit of 2723488342?
4
What is the thousands digit of 476431729?
1
What is the hundred thousands digit of 4511331?
5
What is the tens digit of 343052530?
3
What is the tens digit of 58155585?
8
What is the billions digit of 3007731967?
3
What is the ten millions digit of 11912545?
1
What is the ten thousands digit of 92722508?
2
What is the ten millions digit of 1253270221?
5
What is the hundreds digit of 408632912?
9
What is the thousands digit of 613175815?
5
What is the ten millions digit of 153703195?
5
What is the tens digit of 38992924?
2
What is the ten millions digit of 978536884?
7
What is the hundreds digit of 627903506?
5
What is the hundred millions digit of 209269282?
2
What is the billions digit of 5401565197?
5
What is the millions digit of 124242981?
4
What is the billions digit of 1095610769?
1
What is the units digit of 42807793?
3
What is the ten millions digit of 53067937?
5
What is the hundred thousands digit of 1180051674?
0
What is the ten thousands digit of 2672843196?
4
What is the ten thousands digit of 812664605?
6
What is the millions digit of 46759830?
6
What is the hundred thousands digit of 290701440?
7
What is the ten thousands digit of 154796516?
9
What is the ten millions digit of 107731257?
0
What is the hundreds digit of 671992768?
7
What is the thousands digit of 1971997810?
7
What is the ten millions digit of 34993935?
3
What is the millions digit of 3263622599?
3
What is the millions digit of 34510778?
4
What is the hundreds digit of 26108490?
4
What is the millions digit of 4743086685?
3
What is the hundreds digit of 30776204?
2
What is the hundreds digit of 155977374?
3
What is the hundreds digit of 506962606?
6
What is the ten millions digit of 249524234?
4
What is the hundred millions digit of 227368747?
2
What is the hundreds digit of 6307204823?
8
What is the tens digit of 19469813?
1
What is the hundreds digit of 29072433?
4
What is the ten thousands digit of 16831726?
3
What is the thousands digit of 33020599?
0
What is the millions digit of 32812137?
2
What is the millions digit of 770874920?
0
What is the ten millions digit of 69724450?
6
What is the thousands digit of 720178432?
8
What is the billions digit of 5030039397?
5
What is the ten thousands digit of 203753174?
5
What is the hundred thousands digit of 2091378643?
3
What is the units digit of 91986819?
9
What is the hundred millions digit of 4491256889?
4
What is the units digit of 50035576?
6
What is the hundreds digit of 789551095?
0
What is the hundreds digit of 5475857707?
7
What is the thousands digit of 45786272?
6
What is the millions digit of 8188574?
8
What is the units digit of 183490244?
4
What is the millions digit of 113594961?
3
What is the ten thousands digit of 491312855?
1
What is the ten millions digit of 90985107?
9
What is the ten thousands digit of 2981919?
8
What is the millions digit of 224218742?
4
What is the units digit of 2098149339?
9
What is the thousands digit of 401080633?
0
What is the tens digit of 20566521?
2
What is the thousands digit of 38033561?
3
What is the hundreds digit of 33302952?
9
What is the tens digit of 160340633?
3
What is the units digit of 170474914?
4
What is the ten thousands digit of 6019292?
1
What is the millions digit of 167845085?
7
What is the hundred millions digit of 1267933995?
2
What is the millions digit of 100146394?
0
What is the units digit of 9649130?
0
What is the thousands digit of 147563125?
3
What is the hundred thousands digit of 30903319?
9
What is the hundred thousands digit of 44510844?
5
What is the hundred millions digit of 1493543513?
4
What is the tens digit of 294619837?
3
What is the ten thousands digit of 40959537?
5
What is the hundred thousands digit of 7030308761?
3
What is the hundred millions digit of 891218072?
8
What is the hundred millions digit of 1780654291?
7
What is the thousands digit of 102438463?
8
What is the hundreds digit of 2037266686?
6
What is the hundreds digit of 212190318?
3
What is the hundreds digit of 585725222?
2
What is the tens digit of 704727927?
2
What is the ten thousands digit of 291320218?
2
What is the units digit of 415077857?
7
What is the millions digit of 1282284174?
2
What is the thousands digit of 291745714?
5
What is the millions digit of 177065439?
7
What is the thousands digit of 4919186474?
6
What is the millions digit of 344658530?
4
What is the hundred thousands digit of 196183575?
1
What is the hundred thousands digit of 51000718?
0
What is the thousands digit of 9267532?
7
What is the hundreds digit of 28685732?
7
What is the hundred millions digit of 324590425?
3
What is the hundreds digit of 271837540?
5
What is the units digit of 3228937072?
2
What is the ten thousands digit of 143139525?
3
What is the hundred millions digit of 729313314?
7
What is the hundred thousands digit of 23470120?
4
What is the ten thousands digit of 98306326?
0
What is the ten thousands digit of 143865688?
6
What is the ten millions digit of 33152335?
3
What is the units digit of 1215502525?
5
What is the ten thousands digit of 31754521?
5
What is the tens digit of 2222404918?
1
What is the units digit of 44654574?
4
What is the units digit of 65860760?
0
What is the millions digit of 1276677302?
6
What is the thousands digit of 737399368?
9
What is the units digit of 351375155?
5
What is the thousands digit of 51319968?
9
What is the ten thousands digit of 836267075?
6
What is the hundreds digit of 73548795?
7
What is the ten millions digit of 103781074?
0
What is the ten millions digit of 475961413?
7
What is the units digit of 1775319085?
5
What is the billions digit of 5624719343?
5
What is the thousands digit of 74104959?
4
What is the hundreds digit of 992913421?
4
What is the hundred thousands digit of 7732771276?
7
What is the